 divisor of q and h?
17
Let o = 2 - -3. Let j be 3/(o/((-320)/(-3))). Suppose c + 6 - 17 = -3*u, 0 = -4*c + 4*u + 28. Calculate the highest common factor of j and c.
8
Let x = 13 + -14. Let z(m) = -m**2 + 6*m - 2. Let t be z(5). Let l be (2 + x)*(t + -2). What is the greatest common factor of l and 1?
1
Let v = 13 + 20. What is the greatest common divisor of 6 and v?
3
Let t be (-2)/4 - (-1332)/8. Let o = t - 76. Let w(h) = -h**3 + 6*h**2 - 2*h + 3. Let b be w(5). What is the greatest common factor of o and b?
18
Let t be 5/(-10) + (-3)/(-2). What is the greatest common divisor of 1 and t?
1
Let p be -14*(-1)/(-2) - 2. Let k = p - -26. Calculate the highest common factor of k and 85.
17
Suppose 11 = 4*h + 4*s - s, s - 1 = 0. What is the highest common factor of h and 10?
2
Suppose -240 = 8*n - 11*n. Calculate the greatest common divisor of n and 32.
16
Let t(l) = 10*l**2 - 3*l - 2. Let q be t(-2). Let a be ((-10)/4)/((-2)/q). Let c be 1/4 - 43/(-4). What is the highest common factor of c and a?
11
Suppose -3*i + 0*i + 302 = 5*c, 0 = 2*c + 3*i - 128. Let d = c + -38. Calculate the highest common factor of d and 10.
10
Let d = -13 - -19. Let t(s) = -s + 17. Let o be t(8). Let l be 92/3 - d/o. What is the highest common divisor of 6 and l?
6
Let d(j) = -24*j + 1. Let r be d(2). Let n = r - -77. Calculate the greatest common divisor of 45 and n.
15
Suppose -3*d + 2*r - 10 = 0, -2*d - 2*d - 4*r - 20 = 0. Let o be d/((-16)/148) - -1. Calculate the highest common divisor of 95 and o.
19
Suppose 0 = 4*z + 4*q + 16, 0 = -5*z + 4*z + 5*q + 20. Suppose -s + 4*i + 31 = z, 36 = -s + 3*s + 5*i. What is the greatest common factor of 23 and s?
23
Suppose 0 = 2*u - 2 - 4. Suppose l - 133 = -3*l + j, -3*l = 4*j - 76. Suppose u*i - l = i. What is the greatest common divisor of 128 and i?
16
Let j(y) = -55*y - 4. Let p be j(-3). Let r(s) = s**3 + 6*s**2 - 9*s + 9. Let u be r(-7). Calculate the greatest common factor of p and u.
23
Suppose 0 = x - 5*a - 11, 0*x + a = 2*x - 49. What is the highest common divisor of x and 286?
26
Let r(w) = -10*w + 10. Let j be r(-8). Suppose -50 = -3*y - 2*y. What is the highest common factor of j and y?
10
Suppose 0*l - 5*l = -105. Calculate the greatest common factor of l and 3.
3
Let y be 4*1*(-54)/(-8). Let z = 18 - 15. Calculate the greatest common factor of z and y.
3
Suppose 3*k + 18 = f - k, 5*f = -5*k + 65. Calculate the highest common factor of f and 126.
14
Suppose -2*v - v = -429. Suppose 4*z - 793 = v. What is the highest common factor of z and 26?
26
Suppose 5*j + 149 = 3*q, j = -q - 4*j + 43. Calculate the greatest common factor of 16 and q.
16
Let f(y) = y**3 + 2*y**2 - y. Let r be f(-2). Suppose 28 = b - 5*n, -4*n - 21 = -r*b + 17. What is the highest common factor of b and 117?
13
Let o = 36 + -9. Let v(l) = l**3 + 6*l**2 + 7*l + 5. Let u be v(-4). Calculate the highest common factor of u and o.
9
Let i = -9 - -44. Calculate the highest common factor of i and 7.
7
Suppose 2*b + b = -2*r + 280, -b = r - 95. Suppose -3*v - u + b = -3*u, 2*u = v - 34. Let m = -17 + v. Calculate the greatest common divisor of m and 77.
11
Suppose 6*u = u - 1675. Let v = u - -511. Calculate the greatest common divisor of v and 22.
22
Let h = 77 - 55. Calculate the greatest common divisor of 154 and h.
22
Suppose 0 = 70*n - 67*n - 180. Calculate the highest common divisor of 15 and n.
15
Suppose 4*l - 136 = -0*l. What is the highest common factor of l and 102?
34
Let k = 109 - 74. Calculate the highest common divisor of k and 7.
7
Let r(h) = 3*h - 3. Let d be 4/(-2) - (-2)/(-1). Let m = 7 + d. Let s be r(m). What is the greatest common factor of 2 and s?
2
Let x = 643 - 370. What is the highest common factor of x and 39?
39
Let j be (0 - 5) + (5 - 3). Let x be (-18)/(-4)*(-10)/j. Let h = x - -95. Calculate the highest common divisor of h and 11.
11
Let c = 16 + -7. Suppose -11 - c = -2*t + m, 4*t - 5*m - 40 = 0. Calculate the highest common divisor of t and 15.
5
Let f be (-5)/((-5)/(-68))*2/(-8). What is the highest common factor of 17 and f?
17
Let c(i) = 3*i**3 + i**2 - 3*i. Suppose z + u - 6 = 0, 4*u - 10 = -3*z + 11. Let m be c(z). Calculate the highest common divisor of m and 9.
9
Let x(u) = u**3 + u**2 - u + 5. Suppose -7*l + 2*l + 15 = 0. Suppose t + l*t = 0. Let h be x(t). Calculate the greatest common divisor of 2 and h.
1
Let o = -3 + 1. Let p be o/(3/(66/(-4))). What is the greatest common factor of 33 and p?
11
Let k(b) be the third derivative of b**5/60 + 5*b**4/24 + 5*b**3/3 + 2*b**2. Let n be k(-7). Calculate the highest common factor of n and 6.
6
Let q(w) = -w**2 + 8*w - 7. Let m be q(7). Suppose m - 4 = -x. Calculate the highest common divisor of x and 2.
2
Let t = 0 + -2. Let a(c) = 1 + 3 - 19*c - 2 - 4. Let s be a(t). What is the greatest common factor of 9 and s?
9
Suppose 76 = 3*l - 4*c, -2*l = -0*l - 5*c - 39. Calculate the greatest common divisor of 4 and l.
4
Let r = -1 - -13. Let u = 26 - -1. Let k = u + -15. Calculate the greatest common factor of r and k.
12
Suppose 2*y = 4*y - 34. What is the highest common divisor of y and 17?
17
Suppose -f + 4 = 0, -f + 221 = 2*s - 25. Let h = -77 - -55. Let n = -11 - h. What is the highest common divisor of s and n?
11
Suppose 3*v + 108 = 3*q, q = -0*q - 4*v + 16. Suppose 5*i - q = 3*i. What is the greatest common divisor of i and 176?
16
Suppose 20 = -2*w + 3*h, 27 = -w - 2*w + 3*h. Let u = w + 3. Let g = -3 - u. Calculate the highest common divisor of 2 and g.
1
Suppose 6 = 2*q - 38. Suppose 0 = -u + 4 - 3. Let x be u*(-2)/(0 - 1). What is the greatest common divisor of q and x?
2
Suppose 7*w + 24 = 3*w. Let h = 2 - w. What is the greatest common divisor of 8 and h?
8
Let b(v) = -v**3 - 2*v**2 - 4*v - 2. Let n be b(-2). Let j = -8 - -10. Calculate the highest common factor of n and j.
2
Suppose 2*a - 3*a = 0. Suppose a = 8*w - 4*w - 256. Suppose -w - 152 = -3*l. Calculate the greatest common divisor of l and 9.
9
Let j be ((-4)/(-6))/(1/24). Let h = 0 - -64. What is the greatest common divisor of j and h?
16
Suppose 0 = 24*t - 23*t - 48. Let d(i) = -i**3 + 5*i**2 + 3*i - 3. Let p be d(5). Calculate the greatest common factor of t and p.
12
Suppose 4*t = 3*t + 45. Suppose 2*a - 5*x = a + 34, 3*a - 12 = -3*x. Suppose a = 2*c - c. What is the greatest common divisor of t and c?
9
Let h be (-15)/(-20) - 471/(-12)*1. What is the highest common factor of h and 5?
5
Let v be (-2)/5*(-2 + -3). Let x be 9 - (-6)/(v/(-1)). Calculate the highest common factor of x and 30.
6
Suppose 4*u - 20 = 0, 2*u = -4*r - 3*u - 195. Let d = r - -83. Suppose 16 = 35*x - 31*x. What is the highest common divisor of d and x?
4
Suppose -2*b - 146 = -5*u, 5*b - 81 = -2*u - 11. Let w(v) = -2*v**3 - v**2 - 4*v. Let z be w(-2). Calculate the greatest common factor of z and u.
10
Suppose 3*w = -4*k + 50, 3*k + 5*w - 10*w - 23 = 0. Let v be 3/((1 - -1)/66). What is the highest common factor of v and k?
11
Let l(a) = a**3 - 3*a - 1. Let d be l(-2). Let t(x) = -2 + 4*x**2 + 1 - x**3 + 0*x**3 - 2 + 2*x. Let o be t(d). What is the highest common divisor of o and 6?
6
Let w(m) = 51*m**3. Let h be w(-1). Let j(q) = q + 81. Let d be j(0). Let r = d + h. What is the highest common factor of 45 and r?
15
Suppose -i - 32 = -4*s, 4*s + 2*i = 6*s - 10. What is the highest common factor of s and 27?
9
Let o = -233 + 155. Let p be o/(-5)*50/15. Calculate the highest common factor of 13 and p.
13
Let j = -146 - -434. Suppose -3*r + 42 = -2*r + 5*k, k = 5*r - j. Calculate the highest common divisor of r and 19.
19
Suppose 4 = 3*x - 5. Suppose 4 = -2*h - 4*p + 24, -x = -p. Suppose -4*q - 59 = -n, q = h*n - 2*q - 171. What is the highest common divisor of 26 and n?
13
Let q(h) = -h**3 + 4*h**2 + 7*h - 7. Let t be q(5). Let s be 6*((-1 - -2) + t). What is the greatest common factor of s and 8?
8
Suppose -5*z + 7 = -8. Calculate the highest common factor of 12 and z.
3
Let j = -1 + 11. Suppose -2*q + 3*c + 6 = 0, 2*q + 2*c - 6 = c. Suppose -5*p = -3*o + 125, o - q*p - 60 = -5*p. Calculate the greatest common factor of o and j.
10
Let d = 0 - -13. Suppose -2*r = r - 78. What is the greatest common divisor of d and r?
13
Let q(l) = 15*l. Let a be q(2). Calculate the highest common divisor of 5 and a.
5
Suppose 2*q - 3 + 